{"id":1145,"date":"2023-06-08T14:26:13","date_gmt":"2023-06-08T12:26:13","guid":{"rendered":"https:\/\/leamathis.carochris.com\/?page_id=1145"},"modified":"2024-02-08T16:43:46","modified_gmt":"2024-02-08T15:43:46","slug":"voyages","status":"publish","type":"page","link":"https:\/\/leamathis.com\/index.php\/voyages\/","title":{"rendered":"Voyages"},"content":{"rendered":"\t\t<div data-elementor-type=\"wp-page\" data-elementor-id=\"1145\" class=\"elementor elementor-1145\" data-elementor-post-type=\"page\">\n\t\t\t\t\t\t<section class=\"elementor-section elementor-top-section elementor-element elementor-element-ac02555 elementor-section-boxed elementor-section-height-default elementor-section-height-default\" data-id=\"ac02555\" data-element_type=\"section\" data-e-type=\"section\">\n\t\t\t\t\t\t<div class=\"elementor-container elementor-column-gap-default\">\n\t\t\t\t\t<div class=\"elementor-column elementor-col-100 elementor-top-column elementor-element elementor-element-589b2c8\" data-id=\"589b2c8\" data-element_type=\"column\" data-e-type=\"column\">\n\t\t\t<div class=\"elementor-widget-wrap elementor-element-populated\">\n\t\t\t\t\t\t<div class=\"elementor-element elementor-element-920c31f elementor-grid-2 elementor-grid-tablet-2 elementor-grid-mobile-1 elementor-posts--thumbnail-top elementor-posts--show-avatar elementor-card-shadow-yes elementor-posts__hover-gradient elementor-widget elementor-widget-posts\" data-id=\"920c31f\" data-element_type=\"widget\" data-e-type=\"widget\" data-settings=\"{&quot;cards_columns&quot;:&quot;2&quot;,&quot;cards_columns_tablet&quot;:&quot;2&quot;,&quot;cards_columns_mobile&quot;:&quot;1&quot;,&quot;cards_row_gap&quot;:{&quot;unit&quot;:&quot;px&quot;,&quot;size&quot;:35,&quot;sizes&quot;:[]},&quot;cards_row_gap_tablet&quot;:{&quot;unit&quot;:&quot;px&quot;,&quot;size&quot;:&quot;&quot;,&quot;sizes&quot;:[]},&quot;cards_row_gap_mobile&quot;:{&quot;unit&quot;:&quot;px&quot;,&quot;size&quot;:&quot;&quot;,&quot;sizes&quot;:[]}}\" data-widget_type=\"posts.cards\">\n\t\t\t\t<div class=\"elementor-widget-container\">\n\t\t\t\t\t\t\t<div class=\"elementor-posts-container elementor-posts elementor-posts--skin-cards elementor-grid\">\n\t\t\t\t<article class=\"elementor-post elementor-grid-item post-1670 post type-post status-publish format-standard has-post-thumbnail hentry category-disneyland-paris\">\n\t\t\t<div class=\"elementor-post__card\">\n\t\t\t\t<a class=\"elementor-post__thumbnail__link\" href=\"https:\/\/leamathis.com\/index.php\/2024\/02\/15\/sejour-chez-mickey\/\" tabindex=\"-1\" ><div class=\"elementor-post__thumbnail\"><img fetchpriority=\"high\" decoding=\"async\" width=\"2259\" height=\"3000\" src=\"https:\/\/leamathis.com\/wp-content\/uploads\/2024\/02\/dysneynousdeuxchateau-2259x3000.jpg\" class=\"attachment-medium size-medium wp-image-1682\" alt=\"\" srcset=\"https:\/\/leamathis.com\/wp-content\/uploads\/2024\/02\/dysneynousdeuxchateau-2259x3000.jpg 2259w, https:\/\/leamathis.com\/wp-content\/uploads\/2024\/02\/dysneynousdeuxchateau-1542x2048.jpg 1542w\" sizes=\"(max-width: 2259px) 100vw, 2259px\" \/><\/div><\/a>\n\t\t\t\t<div class=\"elementor-post__badge\">Disneyland Paris<\/div>\n\t\t\t\t<div class=\"elementor-post__avatar\">\n\t\t\t<img alt='mathis' src='https:\/\/secure.gravatar.com\/avatar\/a32c66235c77012f356b828fc88731f3badaf13e72be7cbf869bdd9430490024?s=128&#038;d=mm&#038;r=g' srcset='https:\/\/secure.gravatar.com\/avatar\/a32c66235c77012f356b828fc88731f3badaf13e72be7cbf869bdd9430490024?s=256&#038;d=mm&#038;r=g 2x' class='avatar avatar-128 photo' height='128' width='128' \/>\t\t<\/div>\n\t\t\t\t<div class=\"elementor-post__text\">\n\t\t\t\t<h3 class=\"elementor-post__title\">\n\t\t\t<a href=\"https:\/\/leamathis.com\/index.php\/2024\/02\/15\/sejour-chez-mickey\/\" >\n\t\t\t\tS\u00e9jour chez Mickey\t\t\t<\/a>\n\t\t<\/h3>\n\t\t\t\t<div class=\"elementor-post__excerpt\">\n\t\t\t<p>Je reviens sur un moment que nous avions planifi\u00e9 depuis longtemps avec L\u00e9a : Disneyland ! Je reviens sur un moment que nous avions planifi\u00e9<\/p>\n\t\t<\/div>\n\t\t\n\t\t<a class=\"elementor-post__read-more\" href=\"https:\/\/leamathis.com\/index.php\/2024\/02\/15\/sejour-chez-mickey\/\" aria-label=\"Read more about S\u00e9jour chez Mickey\" tabindex=\"-1\" >\n\t\t\tLire en entier\t\t<\/a>\n\n\t\t\t\t<\/div>\n\t\t\t\t<div class=\"elementor-post__meta-data\">\n\t\t\t\t\t<span class=\"elementor-post-date\">\n\t\t\t15 f\u00e9vrier 2024\t\t<\/span>\n\t\t\t\t<span class=\"elementor-post-avatar\">\n\t\t\tAucun commentaire\t\t<\/span>\n\t\t\t\t<\/div>\n\t\t\t\t\t<\/div>\n\t\t<\/article>\n\t\t\t\t<article class=\"elementor-post elementor-grid-item post-804 post type-post status-publish format-standard has-post-thumbnail hentry category-canada\">\n\t\t\t<div class=\"elementor-post__card\">\n\t\t\t\t<a class=\"elementor-post__thumbnail__link\" href=\"https:\/\/leamathis.com\/index.php\/2023\/06\/06\/notre-sejour-au-quebec\/\" tabindex=\"-1\" ><div class=\"elementor-post__thumbnail\"><img decoding=\"async\" width=\"1163\" height=\"772\" src=\"https:\/\/leamathis.com\/wp-content\/uploads\/2023\/06\/petit-champlain-quebec-city-christmas.jpg\" class=\"attachment-medium size-medium wp-image-839\" alt=\"\" srcset=\"https:\/\/leamathis.com\/wp-content\/uploads\/2023\/06\/petit-champlain-quebec-city-christmas.jpg 1163w, https:\/\/leamathis.com\/wp-content\/uploads\/2023\/06\/petit-champlain-quebec-city-christmas-768x510.jpg 768w\" sizes=\"(max-width: 1163px) 100vw, 1163px\" \/><\/div><\/a>\n\t\t\t\t<div class=\"elementor-post__badge\">Canada<\/div>\n\t\t\t\t<div class=\"elementor-post__avatar\">\n\t\t\t<img alt='mathis' src='https:\/\/secure.gravatar.com\/avatar\/a32c66235c77012f356b828fc88731f3badaf13e72be7cbf869bdd9430490024?s=128&#038;d=mm&#038;r=g' srcset='https:\/\/secure.gravatar.com\/avatar\/a32c66235c77012f356b828fc88731f3badaf13e72be7cbf869bdd9430490024?s=256&#038;d=mm&#038;r=g 2x' class='avatar avatar-128 photo' height='128' width='128' \/>\t\t<\/div>\n\t\t\t\t<div class=\"elementor-post__text\">\n\t\t\t\t<h3 class=\"elementor-post__title\">\n\t\t\t<a href=\"https:\/\/leamathis.com\/index.php\/2023\/06\/06\/notre-sejour-au-quebec\/\" >\n\t\t\t\tNotre s\u00e9jour au Qu\u00e9bec\t\t\t<\/a>\n\t\t<\/h3>\n\t\t\t\t<div class=\"elementor-post__excerpt\">\n\t\t\t<p>Nous arrivons \u00e0 l&rsquo;un des points cl\u00e9s du Canada selon moi : notre s\u00e9jour au Qu\u00e9bec ! Il fut assez court, seulement deux jours, mais<\/p>\n\t\t<\/div>\n\t\t\n\t\t<a class=\"elementor-post__read-more\" href=\"https:\/\/leamathis.com\/index.php\/2023\/06\/06\/notre-sejour-au-quebec\/\" aria-label=\"Read more about Notre s\u00e9jour au Qu\u00e9bec\" tabindex=\"-1\" >\n\t\t\tLire en entier\t\t<\/a>\n\n\t\t\t\t<\/div>\n\t\t\t\t<div class=\"elementor-post__meta-data\">\n\t\t\t\t\t<span class=\"elementor-post-date\">\n\t\t\t6 juin 2023\t\t<\/span>\n\t\t\t\t<span class=\"elementor-post-avatar\">\n\t\t\tUn commentaire\t\t<\/span>\n\t\t\t\t<\/div>\n\t\t\t\t\t<\/div>\n\t\t<\/article>\n\t\t\t\t<article class=\"elementor-post elementor-grid-item post-717 post type-post status-publish format-standard has-post-thumbnail hentry category-canada\">\n\t\t\t<div class=\"elementor-post__card\">\n\t\t\t\t<a class=\"elementor-post__thumbnail__link\" href=\"https:\/\/leamathis.com\/index.php\/2023\/04\/05\/elementor-717\/\" tabindex=\"-1\" ><div class=\"elementor-post__thumbnail\"><img decoding=\"async\" width=\"1920\" height=\"1080\" src=\"https:\/\/leamathis.com\/wp-content\/uploads\/2023\/04\/niagara-falls.jpg\" class=\"attachment-medium size-medium wp-image-752\" alt=\"\" srcset=\"https:\/\/leamathis.com\/wp-content\/uploads\/2023\/04\/niagara-falls.jpg 1920w, https:\/\/leamathis.com\/wp-content\/uploads\/2023\/04\/niagara-falls-768x432.jpg 768w, https:\/\/leamathis.com\/wp-content\/uploads\/2023\/04\/niagara-falls-1536x864.jpg 1536w, https:\/\/leamathis.com\/wp-content\/uploads\/2023\/04\/niagara-falls-1140x641.jpg 1140w, https:\/\/leamathis.com\/wp-content\/uploads\/2023\/04\/niagara-falls-540x304.jpg 540w\" sizes=\"(max-width: 1920px) 100vw, 1920px\" \/><\/div><\/a>\n\t\t\t\t<div class=\"elementor-post__badge\">Canada<\/div>\n\t\t\t\t<div class=\"elementor-post__avatar\">\n\t\t\t<img alt='mathis' src='https:\/\/secure.gravatar.com\/avatar\/a32c66235c77012f356b828fc88731f3badaf13e72be7cbf869bdd9430490024?s=128&#038;d=mm&#038;r=g' srcset='https:\/\/secure.gravatar.com\/avatar\/a32c66235c77012f356b828fc88731f3badaf13e72be7cbf869bdd9430490024?s=256&#038;d=mm&#038;r=g 2x' class='avatar avatar-128 photo' height='128' width='128' \/>\t\t<\/div>\n\t\t\t\t<div class=\"elementor-post__text\">\n\t\t\t\t<h3 class=\"elementor-post__title\">\n\t\t\t<a href=\"https:\/\/leamathis.com\/index.php\/2023\/04\/05\/elementor-717\/\" >\n\t\t\t\tNiagara Falls &amp; Clifton Hill\t\t\t<\/a>\n\t\t<\/h3>\n\t\t\t\t<div class=\"elementor-post__excerpt\">\n\t\t\t<p>Notre dimanche \u00e0 Toronto a \u00e9t\u00e9 principalement consacr\u00e9 \u00e0 une visite incontournable : les chutes du Niagara. Nous sommes partis t\u00f4t de Toronto pour pouvoir<\/p>\n\t\t<\/div>\n\t\t\n\t\t<a class=\"elementor-post__read-more\" href=\"https:\/\/leamathis.com\/index.php\/2023\/04\/05\/elementor-717\/\" aria-label=\"Read more about Niagara Falls &amp; Clifton Hill\" tabindex=\"-1\" >\n\t\t\tLire en entier\t\t<\/a>\n\n\t\t\t\t<\/div>\n\t\t\t\t<div class=\"elementor-post__meta-data\">\n\t\t\t\t\t<span class=\"elementor-post-date\">\n\t\t\t5 avril 2023\t\t<\/span>\n\t\t\t\t<span class=\"elementor-post-avatar\">\n\t\t\tUn commentaire\t\t<\/span>\n\t\t\t\t<\/div>\n\t\t\t\t\t<\/div>\n\t\t<\/article>\n\t\t\t\t<article class=\"elementor-post elementor-grid-item post-618 post type-post status-publish format-standard has-post-thumbnail hentry category-canada\">\n\t\t\t<div class=\"elementor-post__card\">\n\t\t\t\t<a class=\"elementor-post__thumbnail__link\" href=\"https:\/\/leamathis.com\/index.php\/2023\/03\/09\/elementor-618\/\" tabindex=\"-1\" ><div class=\"elementor-post__thumbnail\"><img loading=\"lazy\" decoding=\"async\" width=\"1280\" height=\"960\" src=\"https:\/\/leamathis.com\/wp-content\/uploads\/2023\/03\/photo_5789498405159026282_y.jpg\" class=\"attachment-medium size-medium wp-image-672\" alt=\"\" srcset=\"https:\/\/leamathis.com\/wp-content\/uploads\/2023\/03\/photo_5789498405159026282_y.jpg 1280w, https:\/\/leamathis.com\/wp-content\/uploads\/2023\/03\/photo_5789498405159026282_y-768x576.jpg 768w, https:\/\/leamathis.com\/wp-content\/uploads\/2023\/03\/photo_5789498405159026282_y-120x90.jpg 120w\" sizes=\"(max-width: 1280px) 100vw, 1280px\" \/><\/div><\/a>\n\t\t\t\t<div class=\"elementor-post__badge\">Canada<\/div>\n\t\t\t\t<div class=\"elementor-post__avatar\">\n\t\t\t<img alt='mathis' src='https:\/\/secure.gravatar.com\/avatar\/a32c66235c77012f356b828fc88731f3badaf13e72be7cbf869bdd9430490024?s=128&#038;d=mm&#038;r=g' srcset='https:\/\/secure.gravatar.com\/avatar\/a32c66235c77012f356b828fc88731f3badaf13e72be7cbf869bdd9430490024?s=256&#038;d=mm&#038;r=g 2x' class='avatar avatar-128 photo' height='128' width='128' \/>\t\t<\/div>\n\t\t\t\t<div class=\"elementor-post__text\">\n\t\t\t\t<h3 class=\"elementor-post__title\">\n\t\t\t<a href=\"https:\/\/leamathis.com\/index.php\/2023\/03\/09\/elementor-618\/\" >\n\t\t\t\tWeekend \u00e0 Toronto\t\t\t<\/a>\n\t\t<\/h3>\n\t\t\t\t<div class=\"elementor-post__excerpt\">\n\t\t\t<p>Mon arriv\u00e9e au Canada s&rsquo;est vue tr\u00e8s rapide car nous partions le lendemain matin de notre arriv\u00e9e vers 6h30 du matin ce qui f\u00fbt d\u00e9j\u00e0<\/p>\n\t\t<\/div>\n\t\t\n\t\t<a class=\"elementor-post__read-more\" href=\"https:\/\/leamathis.com\/index.php\/2023\/03\/09\/elementor-618\/\" aria-label=\"Read more about Weekend \u00e0 Toronto\" tabindex=\"-1\" >\n\t\t\tLire en entier\t\t<\/a>\n\n\t\t\t\t<\/div>\n\t\t\t\t<div class=\"elementor-post__meta-data\">\n\t\t\t\t\t<span class=\"elementor-post-date\">\n\t\t\t9 mars 2023\t\t<\/span>\n\t\t\t\t<span class=\"elementor-post-avatar\">\n\t\t\tAucun commentaire\t\t<\/span>\n\t\t\t\t<\/div>\n\t\t\t\t\t<\/div>\n\t\t<\/article>\n\t\t\t\t<article class=\"elementor-post elementor-grid-item post-333 post type-post status-publish format-standard has-post-thumbnail hentry category-puy-du-fou\">\n\t\t\t<div class=\"elementor-post__card\">\n\t\t\t\t<a class=\"elementor-post__thumbnail__link\" href=\"https:\/\/leamathis.com\/index.php\/2023\/01\/04\/le-trajet-pour-se-rendre-en-vendee\/\" tabindex=\"-1\" ><div class=\"elementor-post__thumbnail\"><img loading=\"lazy\" decoding=\"async\" width=\"225\" height=\"300\" src=\"https:\/\/leamathis.com\/wp-content\/uploads\/2023\/01\/IMG_0553-225x300.jpg\" class=\"attachment-medium size-medium wp-image-474\" alt=\"\" srcset=\"https:\/\/leamathis.com\/wp-content\/uploads\/2023\/01\/IMG_0553-225x300.jpg 225w, https:\/\/leamathis.com\/wp-content\/uploads\/2023\/01\/IMG_0553-768x1024.jpg 768w, https:\/\/leamathis.com\/wp-content\/uploads\/2023\/01\/IMG_0553-1152x1536.jpg 1152w, https:\/\/leamathis.com\/wp-content\/uploads\/2023\/01\/IMG_0553-1536x2048.jpg 1536w, https:\/\/leamathis.com\/wp-content\/uploads\/2023\/01\/IMG_0553-scaled.jpg 1920w\" sizes=\"(max-width: 225px) 100vw, 225px\" \/><\/div><\/a>\n\t\t\t\t<div class=\"elementor-post__badge\">Puy du Fou<\/div>\n\t\t\t\t<div class=\"elementor-post__avatar\">\n\t\t\t<img alt='mathis' src='https:\/\/secure.gravatar.com\/avatar\/a32c66235c77012f356b828fc88731f3badaf13e72be7cbf869bdd9430490024?s=128&#038;d=mm&#038;r=g' srcset='https:\/\/secure.gravatar.com\/avatar\/a32c66235c77012f356b828fc88731f3badaf13e72be7cbf869bdd9430490024?s=256&#038;d=mm&#038;r=g 2x' class='avatar avatar-128 photo' height='128' width='128' \/>\t\t<\/div>\n\t\t\t\t<div class=\"elementor-post__text\">\n\t\t\t\t<h3 class=\"elementor-post__title\">\n\t\t\t<a href=\"https:\/\/leamathis.com\/index.php\/2023\/01\/04\/le-trajet-pour-se-rendre-en-vendee\/\" >\n\t\t\t\tCap ou pas cap ?\t\t\t<\/a>\n\t\t<\/h3>\n\t\t\t\t<div class=\"elementor-post__excerpt\">\n\t\t\t<p>Nous nous connaissions \u00e0 peine mais pourtant&#8230; L\u00e9a avait bu quelques bi\u00e8res en trop et d&rsquo;un coup une id\u00e9e est apparue \u00e0 cause d&rsquo;une pub<\/p>\n\t\t<\/div>\n\t\t\n\t\t<a class=\"elementor-post__read-more\" href=\"https:\/\/leamathis.com\/index.php\/2023\/01\/04\/le-trajet-pour-se-rendre-en-vendee\/\" aria-label=\"Read more about Cap ou pas cap ?\" tabindex=\"-1\" >\n\t\t\tLire en entier\t\t<\/a>\n\n\t\t\t\t<\/div>\n\t\t\t\t<div class=\"elementor-post__meta-data\">\n\t\t\t\t\t<span class=\"elementor-post-date\">\n\t\t\t4 janvier 2023\t\t<\/span>\n\t\t\t\t<span class=\"elementor-post-avatar\">\n\t\t\tAucun commentaire\t\t<\/span>\n\t\t\t\t<\/div>\n\t\t\t\t\t<\/div>\n\t\t<\/article>\n\t\t\t\t<\/div>\n\t\t\n\t\t\t\t\t\t<\/div>\n\t\t\t\t<\/div>\n\t\t\t\t\t<\/div>\n\t\t<\/div>\n\t\t\t\t\t<\/div>\n\t\t<\/section>\n\t\t\t\t<\/div>\n\t\t","protected":false},"excerpt":{"rendered":"","protected":false},"author":1,"featured_media":0,"parent":0,"menu_order":0,"comment_status":"closed","ping_status":"closed","template":"","meta":{"footnotes":""},"class_list":["post-1145","page","type-page","status-publish","hentry"],"_links":{"self":[{"href":"https:\/\/leamathis.com\/index.php\/wp-json\/wp\/v2\/pages\/1145","targetHints":{"allow":["GET"]}}],"collection":[{"href":"https:\/\/leamathis.com\/index.php\/wp-json\/wp\/v2\/pages"}],"about":[{"href":"https:\/\/leamathis.com\/index.php\/wp-json\/wp\/v2\/types\/page"}],"author":[{"embeddable":true,"href":"https:\/\/leamathis.com\/index.php\/wp-json\/wp\/v2\/users\/1"}],"replies":[{"embeddable":true,"href":"https:\/\/leamathis.com\/index.php\/wp-json\/wp\/v2\/comments?post=1145"}],"version-history":[{"count":19,"href":"https:\/\/leamathis.com\/index.php\/wp-json\/wp\/v2\/pages\/1145\/revisions"}],"predecessor-version":[{"id":1657,"href":"https:\/\/leamathis.com\/index.php\/wp-json\/wp\/v2\/pages\/1145\/revisions\/1657"}],"wp:attachment":[{"href":"https:\/\/leamathis.com\/index.php\/wp-json\/wp\/v2\/media?parent=1145"}],"curies":[{"name":"wp","href":"https:\/\/api.w.org\/{rel}","templated":true}]}}